{"id":837,"date":"2022-05-22T16:11:49","date_gmt":"2022-05-22T14:11:49","guid":{"rendered":"http:\/\/autoecd.cluster031.hosting.ovh.net\/?page_id=837"},"modified":"2022-06-10T19:59:12","modified_gmt":"2022-06-10T17:59:12","slug":"permis-am-50cm3","status":"publish","type":"page","link":"https:\/\/autoecolevoltaire.fr\/index.php\/permis-am-50cm3\/","title":{"rendered":"Permis AM 50cm3"},"content":{"rendered":"\n<p id=\"block-423c50a4-7249-4884-aa51-69e3fe5fa94d\"><br>Vous souhaitez profiter de la libert\u00e9 d\u2019un deux-roues pour tous vos d\u00e9placements en ville comme sur route. Vous devez donc suivre la Formation obligatoire pour les personnes ayant plus de 14 ans souhaitant conduire un deux roues de 50 cm<sup>3<\/sup>.<\/p>\n\n\n\n<p id=\"block-e90ceeaf-e0de-495f-b91e-03a4e58e736c\">Nous vous proposons de vous former \u00e0 la conduite d\u2019un scooter 50 cm<sup>3<\/sup> lors d\u2019une de nos sessions organis\u00e9es tout au long de l\u2019ann\u00e9e par nos soins.<\/p>\n\n\n\n<h3 id=\"block-797a56d2-76b3-4025-9b7a-22ec85a8181f\">D\u00e9tails de la formule \u00e0 250\u20ac<\/h3>\n\n\n\n<p id=\"block-8931fd17-25fd-423e-beb1-f1febe4ff4dd\">Dur\u00e9e de la formation&nbsp;:&nbsp;<strong>8 heures<\/strong><br><\/p>\n\n\n\n<h3 id=\"block-893e4526-a57c-449e-9fae-38f600fd9430\">Pi\u00e8ces \u00e0 fournir pour l\u2019inscription<\/h3>\n\n\n\n<ul id=\"block-e2d1c1e3-7f35-475d-a9b6-b065615e8ea8\"><li>Pi\u00e8ce d\u2019identit\u00e9<\/li><li>Une photocopie du livret de famille ainsi que de la pi\u00e8ce d&#8217;identit\u00e9 du repr\u00e9sentant legal si l&#8217;\u00e9l\u00e8ve est mineur<\/li><li>1 justificatif de domicile de moins de 6 mois<\/li><li>1 photographie d\u2019identit\u00e9<\/li><\/ul>\n","protected":false},"excerpt":{"rendered":"<p>Vous souhaitez profiter de la libert\u00e9 d\u2019un deux-roues pour tous vos d\u00e9placements en ville comme sur route. Vous devez donc [&hellip;]<\/p>\n","protected":false},"author":1,"featured_media":0,"parent":0,"menu_order":0,"comment_status":"closed","ping_status":"closed","template":"","meta":[],"_links":{"self":[{"href":"https:\/\/autoecolevoltaire.fr\/index.php\/wp-json\/wp\/v2\/pages\/837"}],"collection":[{"href":"https:\/\/autoecolevoltaire.fr\/index.php\/wp-json\/wp\/v2\/pages"}],"about":[{"href":"https:\/\/autoecolevoltaire.fr\/index.php\/wp-json\/wp\/v2\/types\/page"}],"author":[{"embeddable":true,"href":"https:\/\/autoecolevoltaire.fr\/index.php\/wp-json\/wp\/v2\/users\/1"}],"replies":[{"embeddable":true,"href":"https:\/\/autoecolevoltaire.fr\/index.php\/wp-json\/wp\/v2\/comments?post=837"}],"version-history":[{"count":3,"href":"https:\/\/autoecolevoltaire.fr\/index.php\/wp-json\/wp\/v2\/pages\/837\/revisions"}],"predecessor-version":[{"id":980,"href":"https:\/\/autoecolevoltaire.fr\/index.php\/wp-json\/wp\/v2\/pages\/837\/revisions\/980"}],"wp:attachment":[{"href":"https:\/\/autoecolevoltaire.fr\/index.php\/wp-json\/wp\/v2\/media?parent=837"}],"curies":[{"name":"wp","href":"https:\/\/api.w.org\/{rel}","templated":true}]}}